2) in base 3?
-221001202
Convert -4382 (base 11) to base 15.
-1aa2
Convert 234134 (base 5) to base 6.
104045
10110101110110 (base 2) to base 10
11638
What is 86d8 (base 16) in base 10?
34520
15160 (base 14) to base 12
26400
a39 (base 14) to base 11
1569
Convert -31053 (base 6) to base 8.
-10051
What is 22110 (base 6) in base 11?
2338
Convert -40 (base 5) to base 15.
-15
What is -1a4 (base 11) in base 5?
-1420
Convert -651 (base 8) to base 14.
-225
What is 3a (base 14) in base 15?
37
What is -722 (base 9) in base 10?
-587
What is -3a3f (base 16) in base 11?
-10226
What is -33352 (base 7) in base 9?
-12481
a32 (base 13) to base 5
23411
-53005 (base 9) to base 12
-18305
What is -3c8 (base 13) in base 4?
-22133
-160606 (base 8) to base 5
-3321414
Convert 5837 (base 12) to base 14.
3827
-1b94 (base 12) to base 8
-6540
What is 14442 (base 6) in base 3?
10012022
102110 (base 3) to base 15
159
239 (base 15) to base 13
2ca
6063 (base 8) to base 7
12051
-163 (base 16) to base 12
-257
125 (base 7) to base 15
48
What is -42046 (base 9) in base 5?
-1341434
What is -1a2d (base 14) in base 13?
-2210
Convert 1003 (base 6) to base 11.
18a
Convert 23702 (base 9) to base 3.
210210002
Convert 10220 (base 3) to base 9.
126
Convert 3a205 (base 11) to base 8.
160210
Convert -12032 (base 4) to base 11.
-332
What is 3b0 (base 15) in base 3?
1011010
Convert 73722 (base 8) to base 12.
15902
Convert 237 (base 9) to base 8.
304
1443134 (base 5) to base 8
74504
Convert 55 (base 10) to base 6.
131
What is 3222 (base 5) in base 15?
1e2
What is 4082 (base 13) in base 5?
241034
What is -3344 (base 7) in base 11?
-9a9
Convert 5b5c (base 14) to base 2.
11111001010110
Convert -29a6 (base 13) to base 12.
-3603
Convert -275c (base 13) to base 7.
-22325
What is 2049 (base 14) in base 2?
1010110110001
477 (base 10) to base 2
111011101
Convert -2fb (base 16) to base 10.
-763
-121033 (base 6) to base 8
-24555
Convert -5347 (base 8) to base 10.
-2791
What is 112e (base 15) in base 14?
1484
Convert 2c10 (base 13) to base 16.
1923
825 (base 9) to base 11
560
Convert -10100012 (base 3) to base 9.
-3305
Convert 1001102 (base 3) to base 2.
1011111111
c740 (base 13) to base 4
12233033
What is 1221 (base 7) in base 6?
2040
Convert -3130 (base 5) to base 4.
-12133
What is 34 (base 11) in base 8?
45
Convert 7446 (base 8) to base 2.
111100100110
What is 29a9 (base 13) in base 7?
23436
-5938 (base 15) to base 12
-ab75
-1703 (base 9) to base 7
-3534
133430 (base 5) to base 9
7470
Convert -2024143 (base 5) to base 16.
-8118
-130321 (base 4) to base 14
-961
Convert 764 (base 9) to base 7.
1552
Convert 214345 (base 6) to base 16.
45b9
What is 131 (base 6) in base 8?
67
What is 1143 (base 11) in base 2?
10111011011
What is 1214520 (base 6) in base 11?
44561
Convert -50a (base 15) to base 10.
-1135
What is 114743 (base 8) in base 9?
60032
What is -29b (base 15) in base 10?
-596
What is 23272 (base 8) in base 10?
9914
Convert -1452 (base 12) to base 15.
-a7b
What is 1734 (base 12) in base 8?
5330
What is 316 (base 13) in base 12?
37a
What is 103241 (base 6) in base 5?
233041
-28772 (base 9) to base 14
-71d0
-286 (base 10) to base 11
-240
251 (base 9) to base 4
3100
-3bc (base 13) to base 11
-552
What is 14259 (base 12) in base 15?
8470
Convert -4130 (base 12) to base 6.
-52500
-a17 (base 11) to base 5
-14403
21236 (base 8) to base 2
10001010011110
What is 19b8 (base 15) in base 5?
134243
What is 102210 (base 5) in base 13?
173b
3122 (base 8) to base 9
2187
What is -6254 (base 14) in base 10?
-16930
6390 (base 13) to base 6
143530
-220124 (base 5) to base 8
-16563
Convert 1079 (base 12) to base 13.
aa1
What is -18086 (base 11) in base 3?
-1021211010
What is 224 (base 15) in base 3?
122221
What is 344420 (base 5) in base 7?
51254
Convert -3256 (base 11) to base 8.
-10310
What is -5203 (base 7) in base 5?
-24231
-2121122002 (base 3) to base 13
-1a58b
What is 1001132 (base 4) in base 8?
10136
-200364 (base 7) to base 10
-33807
Convert 11ce (base 16) to base 6.
33034
Convert -439 (base 15) to base 3.
-1022100
415215 (base 6) to base 8
101433
Convert -3526 (base 9) to base 3.
-10120220
Convert 3003 (base 6) to base 9.
803
-244140 (base 5) to base 3
-110202021
What is -17b (base 16) in base 2?
-101111011
-125 (base 9) to base 12
-88
Convert 5ac4 (base 14) to base 13.
72a5
What is -1a0 (base 16) in base 9?
-512
Convert 1000001001000 (base 2) to base 4.
1001020
10507 (base 9) to base 4
1230331
What is 7270 (base 8) in base 3?
12011120
What is 468 (base 16) in base 12?
7a0
-100111010000111 (base 2) to base 4
-10322013
17d (base 15) to base 9
421
What is 1bf (base 16) in base 2?
110111111
What is 14487 (base 10) in base 8?
34227
What is 295 (base 11) in base 3?
110211
Convert -536 (base 9) to base 2.
-110110110
Convert -3707 (base 12) to base 3.
-22111121
Convert 200 (base 6) to base 9.
80
Convert -2030 (base 5) to base 10.
-265
Convert -20313 (base 4) to base 11.
-476
-76a2 (base 12) to base 6
-140322
136024 (base 7) to base 14
9714
c60 (base 15) to base 6
20530
-434401 (base 6) to base 7
-206650
What is -38 (base 12) in base 2?
-101100
What is -1249 (base 11) in base 3?
-2020020
What is 126 (base 11) in base 9?
175
Convert -100000011 (base 2) to base 8.
-403
-134 (base 12) to base 14
-d2
What is 160f (base 16) in base 14?
20b5
Convert 3a68 (base 11) to base 14.
1ccd
What is 4cc9 (base 15) in base 2?
100000000000101
2257 (base 12) to base 11
2955
Convert -60 (base 7) to base 15.
-2c
Convert 2323 (base 10) to base 11.
1822
Convert -478 (base 10) to base 7.
-1252
What is 100010010001 (base 2) in base 11?
1714
What is -2b (base 16) in base 7?
-61
-13236 (base 7) to base 10
-3555
74025 (base 8) to base 15
9196
131301 (base 4) to base 8
3561
235460 (base 7) to base 9
64602
Convert 1031 (base 7) to base 15.
195
What is 32332031 (base 4) in base 11?
42090
194 (base 12) to base 6
1104
What is 110200 (base 3) in base 8?
526
What is -bdd7 (base 16) in base 14?
-139d5
Convert -239a (base 16) to base 5.
-242424
1442 (base 6) to base 4
12002
-1110000 (base 3) to base 5
-13203
76e (base 15) to base 11
1297
Convert -32201 (base 4) to base 14.
-4a5
What is 2a39 (base 11) in base 13?
1a21
-47c (base 16) to base 8
-2174
What is -514a (base 11) in base 12?
-3b52
61d8 (base 16) to base 14
91b2
What is 846 (base 12) in base 14?
622
-888 (base 15) to base 14
-9ba
What is -3763 (base 9) in base 2?
-101011111011
What is 11000001001 (base 2) in base 10?
1545
-10101111100 (base 2) to base 15
-639
d8c (base 14) to base 7
10535
Convert 448 (base 15) to base 8.
1710
Convert 1114044 (base 5) to base 7.
112005
What is -142220 (base 7) in base 11?
-19496
Convert 21346 (base 7) to base 11.
4002
Convert 3607 (base 13) to base 3.
101102221
What is -a66 (base 11) in base 7?
-3511
Convert -32144 (base 5) to base 11.
-16a7
4326 (base 15) to base 9
21440
-459 (base 10) to base 5
-3314
What is -1735 (base 12) in base 6?
-20505
Convert 40113 (base 6) to base 16.
146d
6860 (base 10) to base 9
10362
What is cc22 (base 15) in base 6?
532052
Convert 214 (base 12) to base 6.
1224
Convert -53471 (base 8) to base 12.
-10b09
-1838 (base 12) to base 14
-10cc
6023 (base 8) to base 3
11020111
What is -2035 (base 7) in base 2?
-1011001000
Convert -30175 (base 9) to base 11.
-1399a
1222 (base 7) to base 11
386
Convert 12112 (base 3) to base 4.
2111
-364 (base 9) to base 7
-610
1010000110110 (base 2) to base 8
12066
Convert -1011211 (base 4) to base 10.
-4453
Convert 428 (base 14) to base 6.
3444
Convert 25a (base 14) to base 16.
1d8
Convert -1042 (base 7) to base 2.
-101110101
What is -343 (base 13) in base 16?
-232
What is 3948 (base 12) in base 16?
1988
Convert -22120 (base 4) to base 9.
-817
-527 (base 8) to base 2
-101010111
What is 11321020 (base 4) in base 13?
aca8
Convert -86277 (base 9) to base 10.
-57094
5144 (base 12) to base 13
4039
Convert -5341 (base 6) to base 11.
-a03
121413 (base 5) to base 7
16302
What is -11b4 (base 16) in base 4?
-1012310
66364 (base 8) to base 15
83e7
What is -155 (base 9) in base 12?
-ab
Convert -163 (base 13) to base 14.
-13c
What is -16056 (base 10) in base 7?
-64545
Convert -1001010101 (base 2) to base 7.
-1512
Convert -10666 (base 7) to base 14.
-ddd
What is a038 (base 14) in base 2?
110101101100010
527 (base 8) to base 